hat is (7 - 6) + -1 + 2?
2
What is the value of -49 + 47 - (-1 - (-4 - -1))?
-4
Evaluate -10 + 1 + -1 + -1 + 6.
-5
0 + 0 + -10 + (18 - 7)
1
What is the value of 0 + (-5 - -5) + -3 + 6?
3
Calculate (4 - 3) + 7 + -4.
4
(4 - 1) + (-14 - -11) - -2
2
Evaluate -5 - (3 - (-5 + 9)).
-4
What is 9 - (3 - 7 - -14)?
-1
(-11 - (-2 - -2 - 3)) + 6
-2
Calculate -2 - (-7 + -3 + 4).
4
Calculate -14 + (17 - 2) + -1 + 2.
2
What is the value of (5 - 0 - 1) + -4?
0
Calculate -7 + (-3 - (-2 - 6)) - 6.
-8
What is the value of 3 + 1 + -2 - 5?
-3
4 + -1 - -2 - (2 + 2)
1
Calculate 10 + (-19 - -13) + -5.
-1
What is the value of 7 + -4 + -1 + 0 + 1?
3
What is the value of 3 + -3 + 5 + -4?
1
Evaluate 0 + -2 + (-7 - -4).
-5
Evaluate (-1 - -2 - 2) + (-1 - -3).
1
Calculate 12 + -8 - (1 + 0).
3
What is -4 - 1 - (18 + -18)?
-5
What is 0 - (22 - 10 - 6)?
-6
Calculate 8 + (-3 - (24 - 10)).
-9
Calculate -5 - (1 - (0 + 5)).
-1
What is the value of -4 + 4 - (4 + -3 + 3)?
-4
What is -15 + 8 + (6 - 2)?
-3
Evaluate 2 - (-10 + 5) - 12.
-5
Calculate -6 + (-7 - -6) + 5 + 6.
4
-1 + (1 + 2 - (9 - 7))
0
16 - (-9 + 17 + 1)
7
-2 + 5 - (-2 - (-1 - 0))
4
Calculate -7 + (1 - -2) - (41 + -52).
7
What is the value of -8 + (-1 - -8) + 1?
0
What is -3 - (-9 - -4 - -1)?
1
What is the value of -5 + 4 - (2 - 0)?
-3
Calculate -1 + 1 + -6 + 12 + -2.
4
Calculate (2 - 2 - -1) + (16 - 12).
5
What is the value of -3 + -9 + 10 + 4?
2
What is the value of (1 - (-2 + 3)) + -12 + 6?
-6
Evaluate -5 + 1 + -11 + 12 - -1.
-2
What is the value of 6 + 1 + -1 + -3?
3
Evaluate 15 - 15 - (0 - -1).
-1
What is the value of -6 - (2 - 7) - -4?
3
What is the value of -4 + -14 + 20 + -7 + 1?
-4
Calculate 90 + -84 + (-5 - 1).
0
Calculate (-6 - -7) + (-2 - 0) - -7.
6
(2 - -2) + (2 - 2 - 5)
-1
What is -19 + 20 + (5 - 8)?
-2
Calculate 2 + (-3 - 1 - 4).
-6
-3 - ((0 - 4) + 3 + -6)
4
Evaluate 4 + 6 - 13 - 6.
-9
Evaluate -6 - 3 - (4 + -10).
-3
What is 3 - (6 - ((-10 - -5) + 9))?
1
Calculate -3 - -5 - (1 + 8).
-7
What is -1 + 0 + -1 - (10 + -13)?
1
What is the value of -3 + (-3 + -1 - -5) - -3?
1
Calculate (-2 - -3) + (-8 - (1 - 5)).
-3
Calculate 1 + (1 + -4 - (-1 + 4)).
-5
What is (-7 - -5 - 4) + 0 - -13?
7
What is 3 + (-1 - (-9 + 3)) + -10?
-2
What is -4 + -1 + 11 + -8 + -3?
-5
4 - (-4 + 19) - (-7 - -4)
-8
Evaluate (-2 + 7 - 3) + -2 - -5.
5
Calculate 7 + 1 - (14 + -4).
-2
Evaluate -2 - -6 - (6 - (5 + -4)).
-1
Evaluate 1 - 1 - 7 - (169 + -175).
-1
What is the value of (-2 - -2) + -1 - -7 - 4?
2
Calculate 16 + -24 + -10 + 11.
-7
Calculate (9 - 3) + (4 - 5) + 1.
6
Calculate 4 - (3 + -1) - (0 + 2).
0
What is the value of 9 + -5 + 2 + -1?
5
Calculate 4 - (4 - (6 + -7)).
-1
Calculate 6 - (-3 + 1 + (9 - 1)).
0
Evaluate -6 - (-6 + 1) - (3 + -1).
-3
Calculate 3 + -2 + 1 + 2 + -3.
1
What is (-8 - (-6 + 2)) + 7 + -3?
0
1 + 1 + 2 + -1 - 1
2
Calculate -2 + (-4 - (2 - 1)) + 5.
-2
What is -11 + (11 - 0) - 2?
-2
Evaluate 10 + -2 + -2 + 2 + -5.
3
What is -1 - 0 - (4 + -1)?
-4
What is the value of -1 + 2 + -9 + (2 - -3)?
-3
Calculate -2 + 5 + (-13 - -12).
2
What is 5 + (-15 - -17) - (3 - 0)?
4
Calculate -1 - 0 - (5 - -3 - 5).
-4
Calculate 13 - 14 - (2 + (-10 - 2)).
9
What is 3 + (-6 - -4) + 1 + 1?
3
What is -5 + (-2 - -6) + 6?
5
5 + 0 - (100 + -100)
5
Evaluate 5 + 2 + (-1 - 3).
3
4 + (-6 - ((-6 - -3) + 1))
0
What is -3 + -12 + 10 - (-3 - 0)?
-2
What is the value of 1 + (2 - 1) + 1?
3
What is the value of 1 - (-12 - (9 - 21))?
1
-7 - (-18 - -8) - -4
7
Calculate -12 + 4 + 8 + -2.
-2
Evaluate 0 - (-3 + 0 + (-2 - -2)).
3
Calculate (11 - 0) + -9 + 0 + 1.
3
Calculate (-8 + -5 - (-5 - -2)) + 6.
-4
Calculate 2 - ((-5 - 0) + -3 + 11).
-1
Evaluate (-15 - -2) + -4 + (10 - 2).
-9
Calculate 6 - -2 - (-9 - -23).
-6
Calculate (15 - 8) + -21 + 4.
-10
Calculate 0 + -3 + (4 - -4).
5
13 + -12 + (2 - (-1 + 4))
0
(5 - -7) + -2 - 16
-6
What is (-5 - 0 - 0) + -35 + 39?
-1
Evaluate 7 - 10 - (2 + 0).
-5
Evaluate -3 + 3 + 1 - -1 - 7.
-5
What is the value of (5 - -1) + (0 - 7)?
-1
5 - (-2 - -5) - 7
-5
What is -7 - (-6 + (7 - 5))?
-3
Evaluate (-14 - -18) + (0 - -1 - 3).
2
Calculate 33 + -34 - ((4 - 3) + 2).
-4
Evaluate 7 + (-9 - -10 - 8).
0
Evaluate (2 - (1 - 5)) + -4.
2
Evaluate 0 - (-11 - (-6 + -3)).
2
What is -3 + 0 + 4 + 0 + -3?
-2
What is the value of -1 + (-4 - -4) + 0?
-1
What is (-8 - (2 - 4)) + 5?
-1
Evaluate 3 + (9 - 11) + 8.
9
Calculate 21 + -24 + 2 + -5.
-6
What is the value of -4 + -5 + -2 + 5 + -1?
-7
What is 2 - 1 - (-6 - (-7 - -1))?
1
Evaluate 11 + -4 + -11 + (0 - 1).
-5
Evaluate 0 - (1 - 0) - (-65 + 67).
-3
What is the value of -9 + (0 - 2 - (18 + -25))?
-4
Calculate (4 - 0) + -1 + 0.
3
Calculate -4 + -2 - (2 + -3).
-5
Evaluate -3 + (4 - (-4 + 4)) + 3.
4
What is -1 - -8 - (-12 + 16)?
3
Evaluate 4 + 1 + 2 + 2 + -7.
2
Calculate 2 + -9 + (10 - 8).
-5
What is -3 + 3 - (0 + -5)?
5
-17 + 18 + -2 + -2 + 4
1
What is the value of 10 - ((5 - -7) + -8)?
6
What is the value of -19 - (-15 + 3 + 2)?
-9
(1 - 2 - -2) + (-25 - -23)
-1
What is -9 - -10 - -3 - (4 + -1)?
1
Evaluate -1 + (-3 - 5) + 7.
-2
What is the value of (-4 - (-3 + 4)) + 1?
-4
Evaluate 9 + (-2 - -9 - 9).
7
What is the value of (4 - 9) + 2 + 5 - -3?
5
Calculate (-2 - -5) + (-3 + 3 - 3).
0
What is -2 - (-1 + 2 + 2 + 0)?
-5
Evaluate -4 + 6 + -3 + 2 - 1.
0
Evaluate 1 - (2 - -1) - (-2 + -2).
2
What is -15 + 15 + (-2 + 5 - 0)?
3
Calculate -40 + 47 + (-9 - 1).
-3
2 + 7 + -10 + 10
9
What is 1 + (1 - (0 - -2) - 0)?
0
-3 + 0 + -17 + 29
9
What is 1 - (-3 + -1 - (-4 - 4))?
-3
Evaluate -4 + 20 + -10 + 2.
8
Evaluate -8 + (1 - (-2 + 2)) + 2.
-5
What is the value of 7 + -1 - (10 + -10 + 8)?
-2
1 - (-3 + (-1 - -3))
2
What is 0 + -2 + 0 + 5?
3
What is the value of 0 + (-3 - -6) + -2?
1
Evaluate (-1 - 2) + 19 + -19.
-3
-1 + (6 - -3) - 12
-4
Evaluate -2 - -4 - 5 - 1.
-4
What is -7 + 8 - (4 + (-1 - 1))?
-1
-7 + 2 + (10 + 4 - 7)
2
What is (-15 - -12 - -12) + 2?
11
What is 6 - (8 + 0) - (-2 - 6)?
6
What is -6 + 6 + -1 + -2?
-3
Evaluate -8 - 0 - (-43 - -38).
-3
What is 2 - (4 + (1 - 5) - -4)?
-2
(0 - -2 - 9) + 11 + 0
4
What is the value of 12 + -5 + -13 + (3 - 1)?
-4
Evaluate 10 - 0 - (10 + -5 + -2).
7
Evaluate 1 + (4 - -1) - 7.
-1
What is the value of -3 + (-2 - 3 - -9) + -1?
0
Calculate -1 - (5 - (4 - 2)).
-4
Calculate -3 + 3 - (-14 - -17).
-3
What is the value of (-7 - 0) + 4 - (0 - 1)?
-2
What is the value of 0 - 3 - 7 - -13?
3
What is (0 - (-2 - 2)) + -4 + 5?
5
(3 - 7) + (-22 - -30)
4
Evaluate (-5 - (-1 - -3)) + 7.
0
Evaluate (-1 - -2 - 5) + (8 - 9).
-5
What is the value of -11 + 4 + -1 + 4?
-4
What is the value of (-22 + 11 - -3) + (11 - 3)?
0
What is the value of (5 - 6) + 3 + 0?
2
5 + (-2 - -7) + -3
7
What is (1 - 3 - -3) + (2 - -1)?
4
What is -8 + (-10 + 16 - (3 - 2))?
-3
What is the value of -1 + 1 + -35 + 34 + 3?
2
Evaluate (14 - 9) + -2 + 1.
4
What is 34 - 34 - (0 + -1)?
1
-27 + 34 - (1 - -7)
-1
Evaluate (-15 - -18) + (1 - (-1 - -2)).
3
(5 - 0) + -41 + 31
-5
11 + (-2 - 6) + -4
-1
What is -6 + -6 + (16 - 7)?
-3
Calculate 7 + 11 + 12 + -21.
9
Evaluate 4 + -6 + (-2 - -3) + -4.
-5
Evaluate (11 - 11) + 3 + -2.
1
What is the value of 0 + (-4 - -1) + 5?
2
Evaluate -6 + 0 + 6 + -3 + 1.
-2
What is the value of -6 + 18 + -8 - -2?
6
Evaluate (-1 - -6 - 10) + 1.
-4
What is (0 - -1) + (2 - -1) + -1?
3
What is -115 + 120 + (-3 - -1)?
3
What is the value of (4 + 2 - -2) + -5 - 3?
0
What is the value of 1 - (3 + (-3 - 1))?
2
What is the value of (0 - -1) + -1 - (-6 - -3)?
3
Calculate -4 - (-7 + 1 - -10).
-8
Calculate -8 + (-19 - -11 - -12).
-4
1 - ((-1 - -5) + (0 - 3))
0
-4 - (1 - (15 + -4))
6
Evaluate -19 + 14 + 15 + -4.
6
Calculate -1 + 4 + -5 + 3.
1
What is -3 + 4 + (3 - 5) + 2?
1
Evaluate 1 + -1 + (6 - 4 - 3).
-1
Evaluate 2 + 1 + -3 - (-21 + 26).
-5
(-3 - 2) + (-1 - -5)
-1
What is 3 + (-1 - -1) + 16 + -14?
5
What is -5 - (-1 + 6 + 0 + -5)?
-5
What is (1 + -8 - (-7 + 3)) + 6?
3
Calculate (-1 - 1) + (4 - (1 - -1)).
0
0 + 10 - (5 - -1)
4
(-3 + 2 - -1) + 10 + -10
0
What is 2 + (-4 - (-1 + -1) - 2)?
-2
What is the value of (-12 - -5) + 20 - 15?
-2
What is the value of (-6 - 1) + -17 + 17 + -4?
-11
-2 - (-7 + 5 + -1)
1
-6 + -1 + 0 + 8
1
0 + (-3 + (0 - -7) - 2)
2
What is 10 - 14 - (-1 + 1)?
-4
Calculate 11 + (2 + 5 - 10).
8
What is -10 + 2 - (-1 - 3)?
-4
What is the value of 3 - (10 + 0 + (-5 - -2))?
-4
What is the value of (0 - -1 - -1)